.
-83
Let k(h) = 3*h**2 - 6*h - 2. Determine k(-4).
70
Let j(a) = a**3 - 17*a**2 + 59*a + 22. Calculate j(12).
10
Let s(g) = -g**2 + 2*g + 2. Give s(3).
-1
Let d(b) = 5*b + 5. What is d(-6)?
-25
Let m(x) = 2*x**3 + 4*x**2 - 2*x - 7. Give m(-3).
-19
Let i(w) = 5*w**2 + 2*w + 6. Calculate i(-2).
22
Let n(j) = j**3 + 8*j**2 - 8*j - 2. Determine n(-9).
-11
Let a(j) = 2*j**2 + 15*j + 19. What is a(-6)?
1
Let t(c) = -c**2 - 2*c - 2. What is t(-6)?
-26
Let f(d) = -2*d**3 + 4*d - 1. What is f(3)?
-43
Let t(w) = -33*w - 156. Give t(-5).
9
Let z(h) = 2*h**2 + 4*h - 16. Give z(7).
110
Let o(x) = -2*x**2 - 10*x - 6. Give o(-5).
-6
Let o(k) = 30*k - 282. Determine o(9).
-12
Let i(h) = h**2 + 11*h - 29. Determine i(-13).
-3
Let y(p) = 61*p + 180. Give y(-3).
-3
Let i(r) = -4*r**2 + 3*r - 8. Give i(2).
-18
Let f(q) = -q + 4. What is f(4)?
0
Let o(r) = r + 5. Calculate o(7).
12
Let t(z) = 2*z**2 + 5*z + 6. What is t(-2)?
4
Let s(h) = -119*h - 602. Give s(-5).
-7
Let z(r) = -r**3 - 4. Calculate z(0).
-4
Let c(v) = v**2 - 24*v - 2. Give c(24).
-2
Let u(j) = 6*j - 9. Give u(4).
15
Let l(f) = -5*f - 1. What is l(5)?
-26
Let u(f) = 29*f**3 + 2*f**2 - f - 2. Give u(-1).
-28
Let p(w) = 5*w - 53. Determine p(7).
-18
Let h(f) = 9*f - 5. Calculate h(-6).
-59
Let b(y) = y**3 - 4*y**2 + 5*y - 1. What is b(2)?
1
Let d(o) = o**2 + 12*o - 2. Calculate d(-11).
-13
Let q(c) = 12*c + 101. Give q(0).
101
Let m(b) = b**2 - 14*b + 34. Calculate m(9).
-11
Let a(c) = -c**2 - 20*c + 26. What is a(-21)?
5
Let c(b) = -5*b - 56. Calculate c(-9).
-11
Let o(x) = 5*x + 6. Determine o(12).
66
Let s(m) = -m**3 - 11*m**2 - 8*m + 7. Determine s(-10).
-13
Let v(n) = n + 7. Calculate v(5).
12
Let y(t) = t**2 + 15*t + 22. Calculate y(-4).
-22
Let k(n) = n**3 - 9*n**2 - 2*n + 3. What is k(9)?
-15
Let g(d) = 2*d**2 - 18*d + 53. Calculate g(5).
13
Let f(b) = -32*b + 23. Calculate f(1).
-9
Let p(t) = -t**3 - 7*t**2 - 4*t - 16. Determine p(-7).
12
Let y(o) = -22*o + 269. What is y(11)?
27
Let r(f) = -f**2 + 3*f + 2. Determine r(3).
2
Let h(y) = -y**2 + 5*y + 5. What is h(-2)?
-9
Let u(o) = o**3 - 3*o**2 - 3*o + 3. Calculate u(3).
-6
Let c(r) = -r**2 - 10*r - 3. Determine c(-6).
21
Let n(x) = -2*x**2 + 43*x - 14. What is n(21)?
7
Let f(i) = i**2 - 8*i - 88. What is f(-6)?
-4
Let v(w) = 44*w - 5. Give v(-2).
-93
Let h(w) = -w**3 + 6*w**2 - 7*w + 15. Give h(5).
5
Let s(b) = -b + 20. What is s(15)?
5
Let u(c) = 7*c - 27. Calculate u(4).
1
Let j(i) = 2*i**3 + 2*i - 2. What is j(2)?
18
Let h(d) = 14*d - 100. Give h(7).
-2
Let g(y) = -23*y**3 - y**2 + 2*y - 1. Give g(1).
-23
Let z(l) = 6*l. Calculate z(-1).
-6
Let x(a) = a**3 - 6*a**2 + a + 10. Calculate x(5).
-10
Let g(l) = -6*l. Calculate g(-2).
12
Let r(x) = 2*x + 39. Determine r(-23).
-7
Let g(t) = -t**3 + 10*t**2 + 25*t - 18. Give g(12).
-6
Let l(f) = 15*f - 57. What is l(-9)?
-192
Let j(q) = -3*q + 2. Give j(-2).
8
Let r(z) = -z**2 + 9*z. What is r(4)?
20
Let r(t) = -t + 2. Give r(-4).
6
Let f(k) = -2*k - 6. Give f(-15).
24
Let s(q) = 15*q**2 - 4*q - 6. Determine s(-2).
62
Let c(i) = -i**2 + 41*i - 184. Give c(5).
-4
Let x(q) = q + 6. Give x(-7).
-1
Let x(a) = -9*a + 49. Give x(10).
-41
Let p(u) = -u**2 + 9*u - 2. Give p(2).
12
Let t(a) = -a**3 + 8*a**2 - 6*a + 2. What is t(6)?
38
Let p(m) = -2*m**3 - 6*m**2 - m - 4. What is p(-5)?
101
Let f(q) = 18*q - 1. Calculate f(1).
17
Let y(j) = -2*j**2 - 29*j - 98. Calculate y(-8).
6
Let z(w) = -w**3 + 26*w**2 + w - 15. What is z(26)?
11
Let s(o) = o**3 - 6*o**2 + 7*o - 2. Give s(5).
8
Let g(y) = 3*y + 6. Determine g(8).
30
Let v(x) = 3*x**2 - 2*x + 1. What is v(-3)?
34
Let z(g) = -2*g**2 + 2*g + 1. Give z(-2).
-11
Let k(b) = -b**3 + 4*b + 4. What is k(-1)?
1
Let d(s) = 19*s + 6. What is d(3)?
63
Let q(d) = -2*d**2 + 9*d - 9. Calculate q(6).
-27
Let h(r) = r**2 - 15*r + 16. Give h(12).
-20
Let r(p) = -p**3 + 8*p**2 - 9*p + 1. What is r(7)?
-13
Let b(x) = -28*x + 71. Determine b(3).
-13
Let y(t) = 2*t**2 + 3*t + 6. What is y(-4)?
26
Let q(s) = s**3 - 15*s**2 + 23*s. Give q(13).
-39
Let a(m) = -8*m**2 + 3*m. Calculate a(2).
-26
Let n(u) = -2*u - 40. What is n(-14)?
-12
Let f(y) = -y**3 + 6*y**2 - 3*y + 2. Determine f(5).
12
Let b(u) = 13*u**3 + u**2 - u - 2. Give b(-1).
-13
Let r(k) = -k**3 - 9*k**2 + 7*k - 22. Calculate r(-10).
8
Let i(o) = o - 3. Determine i(-11).
-14
Let h(r) = -130*r + 245. Give h(2).
-15
Let i(n) = -3*n**2 - 7*n + 6. What is i(-6)?
-60
Let w(l) = 6*l - 1. What is w(-1)?
-7
Let u(o) = 2*o**2 - o - 3. Give u(-3).
18
Let h(y) = 5*y + 66. Determine h(-15).
-9
Let m(x) = x + 3. Determine m(-20).
-17
Let v(f) = f**2 + 46*f + 353. Determine v(-37).
20
Let p(q) = q**3 - q**2 - 3*q - 2. What is p(4)?
34
Let o(g) = -g**3 + 16*g**2 - g + 22. Calculate o(16).
6
Let m(w) = -w**3 + 14*w**2 + 11*w - 9. What is m(15)?
-69
Let t(o) = o - 2. Give t(7).
5
Let m(t) = t**2 + 3*t + 9. Determine m(-4).
13
Let b(f) = -f + 27. Calculate b(19).
8
Let i(t) = t**3 + t**2 - 3*t - 4. Determine i(-3).
-13
Let d(t) = -2*t - 28. Calculate d(-27).
26
Let t(m) = -m + 16. Calculate t(-3).
19
Let q(r) = 11*r**2 + 14*r + 2. What is q(-1)?
-1
Let z(s) = -s**3 + 17*s**2 + 18*s + 40. Calculate z(18).
40
Let l(y) = -y**3 + 3*y + 3. Calculate l(2).
1
Let b(z) = -2*z - 13. Calculate b(10).
-33
Let y(m) = m - 23. What is y(28)?
5
Let k(o) = o**3 - 8*o**2 - 9*o - 4. Calculate k(10).
106
Let s(m) = -12*m - 7. Give s(3).
-43
Let u(w) = -2*w**2 - 16*w - 3. Calculate u(-8).
-3
Let v(w) = -w**3 + 13*w**2 - 22*w + 23. Determine v(11).
23
Let g(c) = -c**3 - 7*c**2 + 14*c - 15. Give g(-8).
-63
Let q(m) = -9*m + 4. Calculate q(2).
-14
Let u(m) = -m**2 + 18*m - 19. What is u(15)?
26
Let t(g) = -g**3 + 5*g**2 - 7*g + 9. What is t(7)?
-138
Let m(f) = 33*f**2 - 5*f - 2. What is m(2)?
120
Let d(q) = -21*q + 38. Calculate d(2).
-4
Let x(n) = n**3 - 4*n**2 + 5*n + 7. Determine x(0).
7
Let v(r) = -r**3 - 3*r**2 + 11*r - 1. Give v(-5).
-6
Let a(w) = w**3 - 11*w**2 + 7*w - 8. Determine a(10).
-38
Let q(g) = -g**3 - 23. Determine q(0).
-23
Let x(p) = 4*p + 45. Determine x(-10).
5
Let p(v) = -v**3 + 5*v**2 + 4*v + 2. Determine p(5).
22
Let p(y) = 13*y + 128. What is p(-10)?
-2
Let h(x) = 4*x**2 - 19*x - 8. Determine h(5).
-3
Let x(d) = -92*d - 7. Determine x(1).
-99
Let c(g) = -g + 4. What is c(11)?
-7
Let q(u) = -4*u**3 + 2*u**2 + 1. What is q(-2)?
41
Let y(m) = -2*m**2 - 8*m - 4. What is y(-5)?
-14
Let n(t) = -15*t**2 + 62*t - 6. What is n(4)?
2
Let v(a) = -a**3 - 3*a**2 + 9*a + 9. Determine v(-5).
14
Let m(h) = -h**2 - 3*h - 5. Determine m(-7).
-33
Let a(f) = -f**3 - 8*f**2 - 6*f + 5. What is a(-7)?
-2
Let g(k) = -k**3 - 8*k**2 - 2. What is g(-8)?
-2
Let y(k) = k**2 + 2*k + 6. Give y(0).
6
Let b(m) = -m**3 + 16*m**2 - 4*m + 34. Determine b(16).
-30
Let w(i) = -2*i**2 - 11*i + 8. Calculate w(-6).
2
Let s(w) = w**3 - 3*w**2 - w. Determine s(3).
-3
Let c(q) = 2*q**2 + 27*q + 36. Determine c(-12).
0
Let g(n) = 2*n**3 - 41*n**2 + 19*n + 33. Give g(20).
13
Let s(d) = 3*d - 54. Give s(17).
-3
Let n(z) = 19*z + 119. Give n(-6).
5
Let s(t) = -t**3 + 4*t**2 + 27*t + 29. Determine s(8).
-11
Let a(b) = -b**3 + 16*b**2 - 14*b + 27. What is a(15)?
42
Let w(z) = -z**3 - 4*z**2 + 5*z. What is w(-5)?
0
Let d(n) = -n**2 - 18*n + 6. Give d(-18).
6
Let a(y) = y**3 - 2*y**2 + 3*y - 4. Determine a(3).
14
Let q(l) = 2*l**2 - 17*l + 1. Determine q(8).
-7
Let k(d) = d**3 + d**2 + d + 4. Determine k(2).
18
Let h(t) = 2*t - 8. What is h(5)?
2
Let g(v) = v**3 + 14*v**2 + 14*v + 18. What is g(-13)?
5
Let o(l) = l**3 + 3*l**2 - 4*l + 3. Give o(-4).
3
Let a(c) = c**3 + 29*c**2 + 4. Determine a(-29).
4
Let z(t) = 3*t + 8. Determine z(-5).
-7
Let i(j) = j**3 + 8*j**2 - 22*j - 36. Determine i(-10).
-16
Let w(b) = -6*b + 5. Calculate w(5).
-25
Let v(m) = -2*m + 15. Calculate v(6).
3
Let c(s) = s**2 + 4*s + 5. What is c(-5)?
10
Let p(q) = -q**3 - 12*q**2 - 13*q - 12. Calculate p(-11).
10
Let k(g) = -g**2 + 4*g + 13. Give k(8).
-19
Let a(u) = 8*u**2 + 1. Determine a(-1).
9
Let i(r) = 7*r - 55. Give i(20).
85
Let k(f) = 3*f**3 - f**2 + f - 5. What is k(2)?
17
Let y(n) = n**2 - 12*n - 10. Give y(11).
-21
Let a(i) = i + 1. What is a(3)?
4
Let m(f) = f**3 + 4*f**2 - 8*f - 10. Determine m(-5).
5
Let j(o) = -o - 1. Determine j(-5).
4
Let m(f) = -2*f**3 + f**2 + 31*f - 11. Give m(4).
1
Let z